 composite?
False
Is 23867533 a composite number?
False
Is 70062649 prime?
False
Is 799447679 composite?
False
Is 125306249 composite?
True
Is 39942619 a composite number?
False
Is 548224387 a prime number?
False
Is 158146271 prime?
True
Is 11319337 a prime number?
True
Is 23186497 prime?
False
Is 475421203 a composite number?
True
Is 262667611 composite?
False
Is 124254097 a prime number?
False
Is 2409749 composite?
True
Is 164896153 a prime number?
True
Is 578329 a composite number?
True
Is 410158173 composite?
True
Is 251746943 a prime number?
False
Is 2156597 a composite number?
False
Is 30631001 a prime number?
True
Is 150127046 composite?
True
Is 9124111 prime?
False
Is 137199823 a prime number?
True
Is 281208751 a prime number?
True
Is 1646639 a prime number?
False
Is 1389821 a prime number?
False
Is 12051061 composite?
True
Is 33081 composite?
True
Is 3855571 a prime number?
True
Is 17888789 a composite number?
False
Is 75652919 prime?
False
Is 2618563 prime?
False
Is 2499487 a prime number?
False
Is 2265101 composite?
False
Is 75053453 a composite number?
True
Is 31751479 prime?
False
Is 79230799 composite?
True
Is 210734269 prime?
True
Is 10531949 prime?
True
Is 276079 prime?
True
Is 1915097 a prime number?
False
Is 131994669 a composite number?
True
Is 1665857 composite?
True
Is 3986417 composite?
True
Is 19017923 prime?
True
Is 10271879 prime?
True
Is 532599731 a prime number?
False
Is 244849 a prime number?
False
Is 58062113 prime?
True
Is 100450463 composite?
False
Is 2072617 prime?
True
Is 13846417 composite?
True
Is 453289 a composite number?
False
Is 423597589 prime?
True
Is 54459157 a prime number?
False
Is 3307273 a prime number?
False
Is 4330399 prime?
False
Is 139533 a prime number?
False
Is 2583169 a prime number?
True
Is 3716255 composite?
True
Is 1009139 a composite number?
False
Is 428292547 prime?
False
Is 3369929 prime?
True
Is 115583033 composite?
True
Is 59766631 prime?
True
Is 10547015 a prime number?
False
Is 218171 a prime number?
True
Is 10076107 a composite number?
True
Is 98549417 a composite number?
False
Is 927957991 a composite number?
True
Is 330228707 a prime number?
True
Is 131470915 a prime number?
False
Is 8801827 a composite number?
True
Is 465822689 prime?
False
Is 437498909 a prime number?
True
Is 130740097 prime?
True
Is 59336177 a prime number?
True
Is 6337757 a composite number?
True
Is 4177337 composite?
True
Is 1647001 prime?
True
Is 116271869 prime?
False
Is 280463 a prime number?
True
Is 17270021 prime?
False
Is 4938691 a composite number?
True
Is 470827 a prime number?
False
Is 19411401 a prime number?
False
Is 6219679 composite?
False
Is 4192961 a prime number?
False
Is 440707607 composite?
False
Is 1289322527 prime?
True
Is 1472155 composite?
True
Is 114107627 prime?
False
Is 8285053 prime?
False
Is 91144289 a prime number?
True
Is 238514861 a prime number?
False
Is 6591451 a composite number?
True
Is 1604669 a composite number?
True
Is 177946553 a composite number?
False
Is 1994248579 a composite number?
False
Is 148868669 prime?
False
Is 139655603 a prime number?
True
Is 198364409 a composite number?
True
Is 2943883 composite?
True
Is 43353419 a prime number?
True
Is 17575759 prime?
False
Is 18517273 a composite number?
True
Is 4356967 a prime number?
True
Is 1680933 prime?
False
Is 156765839 prime?
True
Is 50416309 a prime number?
True
Is 2954841 a composite number?
True
Is 247470845 prime?
False
Is 20850979 prime?
True
Is 19087979 composite?
False
Is 263657143 composite?
False
Is 402029207 a composite number?
True
Is 143387 a composite number?
False
Is 443221 a composite number?
False
Is 207745067 a prime number?
False
Is 442640249 prime?
False
Is 39787903 a prime number?
False
Is 1934173 a prime number?
True
Is 2595981 prime?
False
Is 558827 prime?
True
Is 774547 a composite number?
True
Is 65699411 prime?
True
Is 6708191 prime?
False
Is 417738557 a prime number?
True
Is 1564237 a composite number?
False
Is 26685559 a composite number?
False
Is 1420781 a composite number?
True
Is 23684981 composite?
True
Is 160459657 composite?
False
Is 1702949 a prime number?
True
Is 86128465 prime?
False
Is 262593827 prime?
False
Is 1514643791 a prime number?
True
Is 499287 composite?
True
Is 23667001 a prime number?
False
Is 38721739 prime?
False
Is 2103081719 prime?
True
Is 4969513 a composite number?
True
Is 111286919 prime?
True
Is 95119393 prime?
True
Is 245834543 prime?
True
Is 3320063 composite?
True
Is 154267109 a prime number?
False
Is 43648373 prime?
True
Is 3368639 composite?
True
Is 1346533 a composite number?
False
Is 1993843 prime?
False
Is 40085347 composite?
True
Is 1793271 a prime number?
False
Is 446753 prime?
True
Is 4018499 a prime number?
False
Is 11347681 a prime number?
True
Is 28395149 composite?
False
Is 1197239 a composite number?
False
Is 54641291 composite?
True
Is 55879235 a composite number?
True
Is 21776437 prime?
True
Is 637789 a composite number?
True
Is 26515655 a prime number?
False
Is 81611 composite?
False
Is 28504273 prime?
False
Is 12920659 a prime number?
False
Is 4323419 prime?
True
Is 5500318 prime?
False
Is 2092729 a prime number?
False
Is 15741637 prime?
False
Is 210906217 a prime number?
False
Is 246913649 a composite number?
False
Is 39287029 a composite number?
True
Is 22629883 prime?
False
Is 6477869 a prime number?
False
Is 857467979 composite?
False
Is 23908331 composite?
True
Is 460549 composite?
True
Is 5868053 a prime number?
True
Is 2753693 a composite number?
False
Is 50108845 a composite number?
True
Is 83019193 prime?
False
Is 42222283 composite?
True
Is 1589758 composite?
True
Is 2084639 composite?
False
Is 2842781 composite?
False
Is 16900069 a composite number?
True
Is 198942851 prime?
False
Is 802507 composite?
True
Is 233319907 a prime number?
False
Is 29253449 prime?
False
Is 2388302447 prime?
True
Is 2644903 a prime number?
True
Is 291627187 composite?
False
Is 3628099 prime?
False
Is 137868769 a composite number?
True
Is 25367473 prime?
False
Is 1267906 a composite number?
True
Is 404170319 prime?
False
Is 39550681 prime?
True
Is 1855349 a prime number?
True
Is 1880663 a composite number?
False
Is 21622927 prime?
True
Is 668194619 composite?
False
Is 304277299 composite?
False
Is 18353 a composite number?
False
Is 378205015 prime?
False
Is 18935993 a prime number?
True
Is 352852457 a prime number?
False
Is 798041291 prime?
False
Is 91481107 a prime number?
False
Is 46176931 composite?
True
Is 322669 prime?
True
Is 66403847 prime?
True
Is 422481 a composite number?
True
Is 1455491 composite?
False
Is 5256131 prime?
True
Is 15803717 prime?
True
Is 2152603 composite?
True
Is 21344887 a composite number?
True
Is 950671 a composite number?
False
Is 2010953 composite?
True
Is 1194387 prime?
False
Is 1538333 a prime number?
False
Is 333008969 composite?
False
Is 7667897 prime?
False
Is 560497 a prime number?
False
Is 2184911 a composite number?
True
Is 13256709 a composite number?
True
Is 19066 prime?
False
Is 167200529 prime?
False
Is 84987983 a composite number?
False
Is 1554019 a prime number?
True
Is 42243811 a prime number?
True
Is 1662833 a composite number?
False
Is 20549269 a composite number?
True
Is 26835983 a composite number?
False
Is 1372913 a prime number?
True
Is 3894269 a prime number?
True
Is 705028603 a prime number?
False
Is 218583257 prime?
False
Is 12512501 prime?
True
Is 44549801 prime?
True
Is 14886371 prime?
False
Is 164436079 a prime number?
True
Is 85330871 composite?
True
Is 10972639 prime?
False
Is 260468843 a composite number?
False
Is 97265699 composite?
True
Is 18739979 a composite number?
False
Is 47563721 composite?
False
Is 434528951 composite?
False
Is 461071483 prime?
True
Is 9731474 a composite number?
True
Is 1524349 a prime number?
True
Is 2689003 a composite number?
True
Is 13936079 a composite number?
False
Is 2000249 a composite number?
False
Is 6864527 composite?
True
Is 4503857 composite?
True
Is 11235277 a prime number?
True
Is 13121 composite?
False
Is 6732679 prime?
True
Is 104876839 a prime number?
True
Is 2072855 a composite number?
True
Is 227755201 composite?
True
Is 8023531 a composite number?
True
Is 863879 composite?
False
Is 1429202 prime?
False
Is 100779269 composite?
True
Is 49858